{"id":34,"date":"2022-07-02T01:34:10","date_gmt":"2022-07-02T01:34:10","guid":{"rendered":"http:\/\/insurdemo.local\/?page_id=34"},"modified":"2024-06-11T12:22:09","modified_gmt":"2024-06-11T09:22:09","slug":"home-one","status":"publish","type":"page","link":"http:\/\/www.aksensigorta.com\/","title":{"rendered":"Ana Sayfa"},"content":{"rendered":"\t\t<div data-elementor-type=\"wp-page\" data-elementor-id=\"34\" class=\"elementor elementor-34\">\n\t\t\t\t\t\t<section class=\"elementor-section elementor-top-section elementor-element elementor-element-3dcc2ac elementor-section-full_width elementor-section-height-default elementor-section-height-default\" data-id=\"3dcc2ac\" data-element_type=\"section\">\n\t\t\t\t\t\t<div class=\"elementor-container elementor-column-gap-no\">\n\t\t\t\t\t<div class=\"elementor-column elementor-col-100 elementor-top-column elementor-element elementor-element-4451c4b\" data-id=\"4451c4b\" data-element_type=\"column\">\n\t\t\t<div class=\"elementor-widget-wrap elementor-element-populated\">\n\t\t\t\t\t\t<div class=\"elementor-element elementor-element-6f2e542 elementor-widget elementor-widget-insur-main-slider\" data-id=\"6f2e542\" data-element_type=\"widget\" data-widget_type=\"insur-main-slider.default\">\n\t\t\t\t<div class=\"elementor-widget-container\">\n\t\t\t\r\n    <!--Main Slider Start-->\r\n    <section class=\"main-slider clearfix\">\r\n        <div class=\"swiper-container thm-swiper__slider\" data-swiper-options='{\"slidesPerView\": 1,\r\n            \"loop\": true,\r\n            \"effect\": \"fade\",\r\n            \"pagination\": {\r\n            \"el\": \"#main-slider-pagination\",\r\n            \"type\": \"bullets\",\r\n            \"clickable\": true\r\n            },\r\n            \"navigation\": {\r\n            \"nextEl\": \"#main-slider__swiper-button-next\",\r\n            \"prevEl\": \"#main-slider__swiper-button-prev\"\r\n            },\r\n            \"autoplay\": {\r\n            \"delay\": 5000            }}'>\r\n            <div class=\"swiper-wrapper\">\r\n                                    <div class=\"swiper-slide\">\r\n                        <div class=\"image-layer\" style=\"background-image: url(https:\/\/bracketweb.com\/insurwp\/wp-content\/uploads\/2022\/07\/main-slider-1-1.jpg);\"><\/div>\r\n                        <!-- \/.image-layer -->\r\n                                                    <div class=\"main-slider-shape-1 float-bob-x\">\r\n                                <img decoding=\"async\" src=\"https:\/\/bracketweb.com\/insurwp\/wp-content\/uploads\/2022\/07\/main-slider-shape-1.png\" alt=\"\">\r\n                            <\/div>\r\n                                                <div class=\"container\">\r\n                            <div class=\"row\">\r\n                                <div class=\"col-xl-12\">\r\n                                    <div class=\"main-slider__content\">\r\n                                                                                    <h2 class=\"main-slider__title\">Ailenize tam destek <br><span>Tamamlay\u0131c\u0131 <\/span><br> sa\u011fl\u0131k <span>sigortas\u0131.<\/span><\/h2>\r\n                                                                                                                            <p class=\"main-slider__text\">SGK Anla\u015fmal\u0131 \u00f6zel hastanelerde<br>SGK\u2019 n\u0131n kar\u015f\u0131lamad\u0131\u011f\u0131 veya \u00fccret limitlerini a\u015fan tedavi giderlerini kar\u015f\u0131l\u0131yor<br>Sa\u011fl\u0131k sorunlar\u0131 masraf olmaktan \u00e7\u0131k\u0131yor.<\/p>\r\n                                                                                                                            <div class=\"main-slider__btn-box\">\r\n                                                <a   href=\"http:\/\/www.aksensigorta.com\/index.php\/contact\/\" class=\"thm-btn main-slider__btn\">Hemen Teklif Al <\/a>\r\n                                            <\/div>\r\n                                                                            <\/div>\r\n                                <\/div>\r\n                            <\/div>\r\n                        <\/div>\r\n                    <\/div>\r\n                                    <div class=\"swiper-slide\">\r\n                        <div class=\"image-layer\" style=\"background-image: url(http:\/\/www.aksensigorta.com\/wp-content\/uploads\/2024\/03\/home-insurance-two.jpg);\"><\/div>\r\n                        <!-- \/.image-layer -->\r\n                                                    <div class=\"main-slider-shape-1 float-bob-x\">\r\n                                <img decoding=\"async\" src=\"https:\/\/bracketweb.com\/insurwp\/wp-content\/uploads\/2022\/07\/main-slider-shape-1.png\" alt=\"\">\r\n                            <\/div>\r\n                                                <div class=\"container\">\r\n                            <div class=\"row\">\r\n                                <div class=\"col-xl-12\">\r\n                                    <div class=\"main-slider__content\">\r\n                                                                                    <h2 class=\"main-slider__title\">Yolda kalmay\u0131n<br><span>Kasko<\/span> ile yolculu\u011fa <br> kesintisiz <span>devam.<\/span><\/h2>\r\n                                                                                                                            <p class=\"main-slider__text\">Seni Yar\u0131 Yolda B\u0131rakmayacak \u00c7\u00f6z\u00fcmlerimiz Var. <br>\u00c7arp\u0131\u015fmadan h\u0131rs\u0131zl\u0131\u011fa, selden doluya, yolda kalmadan yaralanmaya <br>kadar bir\u00e7ok riske kar\u015f\u0131 sizi g\u00fcvenceye al\u0131yoruz.<\/p>\r\n                                                                                                                            <div class=\"main-slider__btn-box\">\r\n                                                <a   href=\"http:\/\/www.aksensigorta.com\/index.php\/contact\/\" class=\"thm-btn main-slider__btn\">Hemen Teklif Al <\/a>\r\n                                            <\/div>\r\n                                                                            <\/div>\r\n                                <\/div>\r\n                            <\/div>\r\n                        <\/div>\r\n                    <\/div>\r\n                                    <div class=\"swiper-slide\">\r\n                        <div class=\"image-layer\" style=\"background-image: url(http:\/\/www.aksensigorta.com\/wp-content\/uploads\/2024\/02\/about-ten-1.jpg);\"><\/div>\r\n                        <!-- \/.image-layer -->\r\n                                                    <div class=\"main-slider-shape-1 float-bob-x\">\r\n                                <img decoding=\"async\" src=\"https:\/\/bracketweb.com\/insurwp\/wp-content\/uploads\/2022\/07\/main-slider-shape-1.png\" alt=\"\">\r\n                            <\/div>\r\n                                                <div class=\"container\">\r\n                            <div class=\"row\">\r\n                                <div class=\"col-xl-12\">\r\n                                    <div class=\"main-slider__content\">\r\n                                                                                    <h2 class=\"main-slider__title\">Gelece\u011finiz sars\u0131lmas\u0131n<br> Zorunlu <span>deprem<\/span> sigortas\u0131<\/h2>\r\n                                                                                                                            <p class=\"main-slider__text\">Deprem, deprem sonucu yang\u0131n, infilak, tsunami <br>ve toprak kaymas\u0131n\u0131n neden olaca\u011f\u0131 hasarlara kar\u015f\u0131 \u00f6nlemini al.<\/p>\r\n                                                                                                                            <div class=\"main-slider__btn-box\">\r\n                                                <a   href=\"http:\/\/www.aksensigorta.com\/index.php\/contact\/\" class=\"thm-btn main-slider__btn\">Hemen Teklif Al <\/a>\r\n                                            <\/div>\r\n                                                                            <\/div>\r\n                                <\/div>\r\n                            <\/div>\r\n                        <\/div>\r\n                    <\/div>\r\n                            <\/div>\r\n            \r\n                <!-- If we need navigation buttons -->\r\n                <div class=\"main-slider__nav\">\r\n\r\n                    <div class=\"swiper-button-prev\" id=\"main-slider__swiper-button-next\">\r\n                        <i class=\"icon-right-arrow\"><\/i>\r\n                    <\/div>\r\n\r\n                    <div class=\"swiper-button-next\" id=\"main-slider__swiper-button-prev\">\r\n                        <i class=\"icon-right-arrow1\"><\/i>\r\n                    <\/div>\r\n\r\n                <\/div>\r\n            \r\n        <\/div>\r\n    <\/section>\r\n    <!--Main Slider End-->\r\n\t\t<\/div>\n\t\t\t\t<\/div>\n\t\t\t\t\t<\/div>\n\t\t<\/div>\n\t\t\t\t\t<\/div>\n\t\t<\/section>\n\t\t\t\t<\/div>\n\t\t","protected":false},"excerpt":{"rendered":"<p>Ailenize tam destek Tamamlay\u0131c\u0131 sa\u011fl\u0131k sigortas\u0131. SGK Anla\u015fmal\u0131 \u00f6zel hastanelerdeSGK\u2019 n\u0131n kar\u015f\u0131lamad\u0131\u011f\u0131 veya \u00fccret limitlerini a\u015fan tedavi giderlerini kar\u015f\u0131l\u0131yorSa\u011fl\u0131k sorunlar\u0131 masraf olmaktan \u00e7\u0131k\u0131yor. Hemen Teklif Al Yolda kalmay\u0131nKasko ile yolculu\u011fa kesintisiz devam. Seni Yar\u0131 Yolda B\u0131rakmayacak \u00c7\u00f6z\u00fcmlerimiz Var. \u00c7arp\u0131\u015fmadan h\u0131rs\u0131zl\u0131\u011fa, selden doluya, yolda kalmadan yaralanmaya kadar bir\u00e7ok riske kar\u015f\u0131 sizi g\u00fcvenceye al\u0131yoruz. Hemen Teklif Al [&hellip;]<\/p>\n","protected":false},"author":1,"featured_media":0,"parent":0,"menu_order":0,"comment_status":"closed","ping_status":"closed","template":"elementor_header_footer","meta":{"_monsterinsights_skip_tracking":false,"_monsterinsights_sitenote_active":false,"_monsterinsights_sitenote_note":"","_monsterinsights_sitenote_category":0,"footnotes":""},"class_list":["post-34","page","type-page","status-publish","hentry"],"aioseo_notices":[],"_links":{"self":[{"href":"http:\/\/www.aksensigorta.com\/index.php\/wp-json\/wp\/v2\/pages\/34","targetHints":{"allow":["GET"]}}],"collection":[{"href":"http:\/\/www.aksensigorta.com\/index.php\/wp-json\/wp\/v2\/pages"}],"about":[{"href":"http:\/\/www.aksensigorta.com\/index.php\/wp-json\/wp\/v2\/types\/page"}],"author":[{"embeddable":true,"href":"http:\/\/www.aksensigorta.com\/index.php\/wp-json\/wp\/v2\/users\/1"}],"replies":[{"embeddable":true,"href":"http:\/\/www.aksensigorta.com\/index.php\/wp-json\/wp\/v2\/comments?post=34"}],"version-history":[{"count":26,"href":"http:\/\/www.aksensigorta.com\/index.php\/wp-json\/wp\/v2\/pages\/34\/revisions"}],"predecessor-version":[{"id":3935,"href":"http:\/\/www.aksensigorta.com\/index.php\/wp-json\/wp\/v2\/pages\/34\/revisions\/3935"}],"wp:attachment":[{"href":"http:\/\/www.aksensigorta.com\/index.php\/wp-json\/wp\/v2\/media?parent=34"}],"curies":[{"name":"wp","href":"https:\/\/api.w.org\/{rel}","templated":true}]}}